(-16) is divided by 9?
7
What is the remainder when 88 is divided by ((-880)/(-330))/((-1)/((-78)/4))?
36
Suppose 220 = 4*q - 2*a, -167 = -3*q - 12*a + 14*a. Calculate the remainder when q is divided by 23.
7
What is the remainder when 63/9 + -11 - -383 is divided by 19?
18
Suppose 0 = -5*l + w + 20, 0*w - 2*w = 0. Let q = 241 - 238. Suppose 4*m - l*y + 50 = 130, -q*y = 12. Calculate the remainder when 31 is divided by m.
15
Let u = 2295 + -43. What is the remainder when u is divided by 46?
44
Let x = -10 - -8. Let s(r) = 8*r**3 + 4*r**2 + 2*r - 1. Let j be s(x). Let i = -7 - j. What is the remainder when i is divided by 16?
14
Suppose 4*h = -0*h + 60. Let d = -27 + 49. Let l = d - 14. Calculate the remainder when h is divided by l.
7
Let f = -2 - 8. Let n(d) = 0*d - 5*d + 4*d - d - 2. What is the remainder when 70 is divided by n(f)?
16
Suppose 324 = 3*x + 3*i, 5*i = -17 - 8. Suppose 4*h - 75 = x. What is the remainder when h is divided by 25?
22
Let m(z) = -z**3 - 2*z**2 - 2. Let w be m(0). What is the remainder when 168 is divided by w/(-4) - (-30)/24*34?
39
Calculate the remainder when 293 is divided by 168/126 + (-910)/(-6).
140
Suppose 4*z = -2*u + 1440, 3*z - 2*z - 4*u = 369. Calculate the remainder when z is divided by 28.
25
Let u(z) = z**3 + 11*z**2 - 7*z - 57. Suppose -5*i + 70 = 5*c, 4*c - 26 - 20 = i. Calculate the remainder when u(-11) is divided by (c/7)/(3/21).
8
Let l(m) = 4*m**2 + 3. Let x be (-1)/(-1) - 4/4. Suppose 0*v - 4*v - 3 = 5*n, x = 5*n + v + 12. Calculate the remainder when l(n) is divided by 21.
18
Let i = -123 - -174. What is the remainder when i is divided by 67/5 + (-8)/20?
12
Suppose 2*a - 9 = -3. What is the remainder when -1 + 5 - (-14 - a) is divided by 11?
10
Let d(x) = -4*x + 0*x - 3 + 2*x + 3*x. Let n be d(6). Suppose a - 23 = 3*i, 0*i - n*i = 3. Calculate the remainder when 59 is divided by a.
19
Suppose 45*g = 46*g - 21. Let q(x) = -2*x + 8*x - 2 - x. Calculate the remainder when g is divided by q(2).
5
Let k(w) = 12*w - 8. Let m be k(8). Suppose 22*r = 14*r + 120. Calculate the remainder when (-6)/(-2)*m/6 is divided by r.
14
Suppose 9 = 5*i - 1. Suppose i*b + 2 = b, -4*x + 42 = -b. What is the remainder when 29 is divided by x?
9
Let t(m) = -m**2 - 8*m - 16. Let r be t(-4). Suppose r = n + 11 - 25. What is the remainder when n is divided by 10?
4
What is the remainder when 0*(5 - 36/8) - -116 is divided by 24?
20
Let c = 336 - 200. What is the remainder when c is divided by 23?
21
Suppose -11*d + 9*d = 24. Let v = 12 + d. Suppose 0 = h - c - 24, -h + 30 = -v*h + c. What is the remainder when 78 is divided by h?
24
Calculate the remainder when 38/(-57)*(-1926)/4 is divided by 54.
51
Suppose -2*g = -3*o + 83, 4*o - g = -o + 129. Let n = 5037 + -2994. Calculate the remainder when (-2)/7 - n/(-21) is divided by o.
22
Let o = 153 - 149. Suppose -3*d + d = 2*q - 18, -3*q - 4*d = -26. Calculate the remainder when q is divided by o.
2
Suppose -4 = 4*l + 24. What is the remainder when 97 is divided by (6 + l)*(-10)/(-1)*-1?
7
Suppose 12*w + w = 1014. Calculate the remainder when 306 is divided by w.
72
Let g = -16 + 38. Let b = 5 + g. Let f = b - 14. Calculate the remainder when f is divided by 9.
4
Suppose 3*k = -0*k + 24. Let o be 0/(-4 + 2)*1. What is the remainder when (9 + -40)*(o - 1) is divided by k?
7
Let h = 130 - 77. Let b(k) = -k**3 + 6*k**2 + 4*k - 6. Calculate the remainder when h is divided by b(6).
17
Suppose 0*h - 50 = -5*h. Suppose q = h*q - 234. What is the remainder when q is divided by 7?
5
Calculate the remainder when 33 is divided by (-2 + 0)/(60/(-510)).
16
Let i = 43 + -10. What is the remainder when i is divided by 83/5 + (-38)/(-95)?
16
Suppose 0 = b - 38 - 35. What is the remainder when b is divided by (-25)/(-1 - 0/2)?
23
Suppose 0 + 30 = 3*g. Suppose r - 2*r = -g. Calculate the remainder when 38 is divided by r.
8
Suppose a - s - 669 = 135, 3*a - 2432 = -s. Calculate the remainder when a is divided by 14.
11
Let v be (2403/2)/(33/44). Calculate the remainder when (-10)/85 - v/(-34) is divided by 25.
22
Suppose 45*b - 12480 = -19*b. Calculate the remainder when b is divided by 14.
13
Let a = -368 + 424. Calculate the remainder when 165 is divided by a.
53
Let o be 6*(-6)/45*-30. Suppose -2*i - 66 = -3*g + 50, 3*i - o = -g. What is the remainder when 71 is divided by g?
35
What is the remainder when 70 is divided by ((-1)/((-33)/(-550)))/((-6)/9)?
20
Let d be (36/(-14))/(15/(-70)). Let r = d + -18. What is the remainder when 5 is divided by 6/(1 - 3/r)?
1
Let y be (-5)/(-1 + 68/72). Suppose -7*z = -2*z - y. Let q(w) = w**3 + 10*w**2 + 11*w + 11. Calculate the remainder when q(-8) is divided by z.
15
What is the remainder when 343 is divided by -8 + (-3)/(-18)*282?
31
Suppose 22*g - 33*g = -418. Calculate the remainder when g is divided by 6/(-4)*16/(-3).
6
Let x be -4*2*-2 + -4 + 6. Suppose 2*v - x = -4*v. What is the remainder when 12 is divided by v?
0
Let m = -1 - -4. Let p(i) = 24*i - 551. Calculate the remainder when m is divided by p(23).
0
Let o(a) = -2*a**3 + 4*a**2 - 3*a + 4. Let t be o(2). Let h = 19 + t. What is the remainder when h is divided by 9?
8
Suppose 2*s = 4*u - 42, -s - 49 = 53*u - 57*u. Let j(o) = 39*o**3 - o**2 + o. Calculate the remainder when j(1) is divided by u.
11
Let i = -186 - -219. Calculate the remainder when 93 is divided by i.
27
Let f be (-6)/(-14) - (-9120)/35. Let j = f - 114. What is the remainder when j is divided by 25?
22
Suppose 0 = 5*s - 2*a - 296, 2*s = -5*a - 0*a + 101. Calculate the remainder when s is divided by 20.
18
Calculate the remainder when (12/(-15))/(2/(-55)) is divided by 12.
10
Let u(x) = -4*x**2 + 35*x + 13. Calculate the remainder when u(7) is divided by 14.
6
Let c(p) = 575*p**2 - 21*p + 20. What is the remainder when c(1) is divided by 25?
24
Suppose -10*h = -150 - 340. Suppose -50*z = -h*z - 23. Calculate the remainder when 64 is divided by z.
18
What is the remainder when (-489)/8*-3 - (-12)/(-32) is divided by 67?
49
Suppose 7*d - 3*d - 20 = 0. Suppose 4*a + 2 = 3*h - 9, -3*h = -d*a - 10. Calculate the remainder when 22 is divided by h.
2
Let b(f) = f**3 - 6*f**2 + 7*f - 1. Let u(c) = -4*c**3 + c**2 + 21*c + 19. What is the remainder when u(0) is divided by b(5)?
1
Let s(x) = -x**3 + 3*x**2 + 6*x + 2. What is the remainder when 118 is divided by s(4)?
8
Let f(y) = y**2 - 15*y - 9. Let g be f(13). Let i = g + 40. What is the remainder when 27 is divided by i?
2
Suppose -48 = -3*f + 108. Calculate the remainder when 93 is divided by f.
41
Let g(u) = 9*u + 373. Calculate the remainder when 106 is divided by g(-32).
21
Let u(q) be the first derivative of q**4/4 + 5*q**3/3 - 7*q**2/2 - 4*q - 1. Let w be u(-6). Calculate the remainder when (-6 - -4)*(-13)/w is divided by 4.
1
Let n be 3/(-2)*2*1/(-3). Calculate the remainder when 6 is divided by (n/(-4))/(-3*(-5)/(-180)).
0
Let u = 5 - 3. Suppose -8*d + 3*d - u*y + 5 = 0, -2*d + 3*y = -21. What is the remainder when 13/4 + 2/(-8) is divided by d?
0
Suppose -4*w - 4*l = -4580, -1833 = -w + 3*l - 684. Calculate the remainder when w is divided by 14.
12
Suppose 24*s - 33 = 21*s. Let p = s + 5. Calculate the remainder when 46 is divided by p.
14
Suppose 0 = -5*n + 10, -5*t = 2*n - 465 + 86. Suppose -g + t = 2*g. Calculate the remainder when g is divided by 14.
11
Suppose 33 = 4*d + 5*u, 4*u - u = 4*d - 25. Let i(m) = m**2 + 5*m + 2. Let g be i(-5). Let l = 21 + g. Calculate the remainder when l is divided by d.
2
Suppose 3*z - 5*z + 2*r + 314 = 0, -12 = 4*r. What is the remainder when z is divided by 384/10 + (-2 - 52/(-20))?
37
Let o = -61 - -160. What is the remainder when o is divided by (30/8)/((-123)/(-820))?
24
Let c(u) = 17*u + 50. What is the remainder when c(4) is divided by 7?
6
Let h(s) = s**2 + 16*s + 9. Let q be h(-15). Let z = 10 + q. Calculate the remainder when z - (-67 + (-1)/1) is divided by 15.
12
Let j(m) = 8*m - 93. Calculate the remainder when j(17) is divided by 9.
7
Let l = -116 + 210. Suppose 6*s - 14 = l. Calculate the remainder when 70 is divided by s.
16
Suppose -677 + 37 = 5*b. Suppose -x + 4*x + 57 = 0. Let h = x - b. Calculate the remainder when h is divided by 28.
25
Suppose 48 = 2*p + 3*g, 46 = 2*p - 0*p + 2*g. What is the remainder when 207 